f 2654.
2, 1327
List the prime factors of 9699.
3, 53, 61
List the prime factors of 32802.
2, 3, 7, 11, 71
What are the prime factors of 504?
2, 3, 7
What are the prime factors of 13435?
5, 2687
List the prime factors of 1779.
3, 593
List the prime factors of 571.
571
List the prime factors of 26815.
5, 31, 173
What are the prime factors of 46000?
2, 5, 23
What are the prime factors of 949?
13, 73
What are the prime factors of 120?
2, 3, 5
What are the prime factors of 112096?
2, 31, 113
List the prime factors of 1475.
5, 59
List the prime factors of 67275.
3, 5, 13, 23
List the prime factors of 377.
13, 29
List the prime factors of 43.
43
List the prime factors of 5934.
2, 3, 23, 43
What are the prime factors of 933?
3, 311
List the prime factors of 1185.
3, 5, 79
List the prime factors of 1461.
3, 487
List the prime factors of 537.
3, 179
List the prime factors of 669.
3, 223
What are the prime factors of 130463?
283, 461
List the prime factors of 9064.
2, 11, 103
What are the prime factors of 8311?
8311
List the prime factors of 29085.
3, 5, 7, 277
What are the prime factors of 17181?
3, 23, 83
What are the prime factors of 1343?
17, 79
List the prime factors of 6200.
2, 5, 31
What are the prime factors of 15731?
15731
List the prime factors of 1432.
2, 179
What are the prime factors of 106945?
5, 73, 293
List the prime factors of 2957.
2957
What are the prime factors of 2707?
2707
What are the prime factors of 14435?
5, 2887
What are the prime factors of 3839?
11, 349
What are the prime factors of 11073?
3, 3691
List the prime factors of 11429.
11, 1039
List the prime factors of 6189.
3, 2063
List the prime factors of 78.
2, 3, 13
What are the prime factors of 8806?
2, 7, 17, 37
List the prime factors of 951.
3, 317
What are the prime factors of 11369?
11369
What are the prime factors of 8437?
11, 13, 59
What are the prime factors of 4459?
7, 13
What are the prime factors of 29034?
2, 3, 1613
List the prime factors of 37975.
5, 7, 31
List the prime factors of 146614.
2, 13, 5639
What are the prime factors of 4334?
2, 11, 197
What are the prime factors of 2232?
2, 3, 31
What are the prime factors of 763?
7, 109
What are the prime factors of 42224?
2, 7, 13, 29
List the prime factors of 2079.
3, 7, 11
What are the prime factors of 445?
5, 89
List the prime factors of 46389.
3, 7, 47
What are the prime factors of 458?
2, 229
List the prime factors of 121838.
2, 60919
What are the prime factors of 1586?
2, 13, 61
List the prime factors of 11982.
2, 3, 1997
List the prime factors of 7061.
23, 307
What are the prime factors of 33171?
3, 11057
What are the prime factors of 8295?
3, 5, 7, 79
List the prime factors of 12565.
5, 7, 359
What are the prime factors of 1151?
1151
List the prime factors of 260.
2, 5, 13
List the prime factors of 50022.
2, 3, 7, 397
List the prime factors of 4980.
2, 3, 5, 83
What are the prime factors of 2682?
2, 3, 149
List the prime factors of 38617.
23, 73
What are the prime factors of 185216?
2, 1447
What are the prime factors of 679?
7, 97
List the prime factors of 13638.
2, 3, 2273
What are the prime factors of 42287?
7, 863
What are the prime factors of 6276?
2, 3, 523
What are the prime factors of 1309?
7, 11, 17
What are the prime factors of 51121?
7, 67, 109
What are the prime factors of 53918?
2, 26959
What are the prime factors of 5802?
2, 3, 967
List the prime factors of 29760.
2, 3, 5, 31
What are the prime factors of 10056?
2, 3, 419
What are the prime factors of 16251?
3, 5417
What are the prime factors of 3080?
2, 5, 7, 11
List the prime factors of 2372.
2, 593
What are the prime factors of 1983?
3, 661
List the prime factors of 1137.
3, 379
What are the prime factors of 654?
2, 3, 109
List the prime factors of 8965.
5, 11, 163
What are the prime factors of 35037?
3, 17, 229
What are the prime factors of 186993?
3, 79, 263
List the prime factors of 5790.
2, 3, 5, 193
List the prime factors of 297.
3, 11
List the prime factors of 9116.
2, 43, 53
What are the prime factors of 300?
2, 3, 5
List the prime factors of 31474.
2, 15737
List the prime factors of 1986.
2, 3, 331
What are the prime factors of 18477?
3, 2053
What are the prime factors of 469?
7, 67
What are the prime factors of 289?
17
List the prime factors of 3304.
2, 7, 59
List the prime factors of 10347.
3, 3449
List the prime factors of 73.
73
What are the prime factors of 857?
857
What are the prime factors of 2569?
7, 367
List the prime factors of 1638.
2, 3, 7, 13
List the prime factors of 152684.
2, 7, 19, 41
What are the prime factors of 8895?
3, 5, 593
List the prime factors of 49912.
2, 17, 367
List the prime factors of 679.
7, 97
What are the prime factors of 17282?
2, 8641
What are the prime factors of 157?
157
List the prime factors of 10822.
2, 7, 773
List the prime factors of 3111.
3, 17, 61
What are the prime factors of 161617?
29, 5573
What are the prime factors of 37345?
5, 7, 11, 97
List the prime factors of 26482.
2, 13241
What are the prime factors of 1452?
2, 3, 11
What are the prime factors of 1047?
3, 349
List the prime factors of 2566.
2, 1283
List the prime factors of 5581.
5581
What are the prime factors of 721?
7, 103
List the prime factors of 55952.
2, 13, 269
What are the prime factors of 27074?
2, 13537
What are the prime factors of 2867?
47, 61
What are the prime factors of 4991?
7, 23, 31
List the prime factors of 15335.
5, 3067
List the prime factors of 2070.
2, 3, 5, 23
What are the prime factors of 2961?
3, 7, 47
List the prime factors of 131.
131
List the prime factors of 33805.
5, 6761
List the prime factors of 7425.
3, 5, 11
List the prime factors of 9643.
9643
What are the prime factors of 3486?
2, 3, 7, 83
List the prime factors of 2024.
2, 11, 23
List the prime factors of 2572.
2, 643
List the prime factors of 4133.
4133
What are the prime factors of 111?
3, 37
List the prime factors of 28.
2, 7
List the prime factors of 154957.
11, 14087
What are the prime factors of 308?
2, 7, 11
List the prime factors of 790.
2, 5, 79
List the prime factors of 4788.
2, 3, 7, 19
List the prime factors of 2782.
2, 13, 107
List the prime factors of 6950.
2, 5, 139
List the prime factors of 80773.
7, 11, 1049
What are the prime factors of 185?
5, 37
What are the prime factors of 35932?
2, 13, 691
List the prime factors of 11178.
2, 3, 23
List the prime factors of 197.
197
List the prime factors of 882.
2, 3, 7
List the prime factors of 113824.
2, 3557
What are the prime factors of 1868?
2, 467
What are the prime factors of 6445?
5, 1289
List the prime factors of 77047.
77047
List the prime factors of 664.
2, 83
List the prime factors of 1028.
2, 257
List the prime factors of 4773.
3, 37, 43
List the prime factors of 11388.
2, 3, 13, 73
What are the prime factors of 3937?
31, 127
List the prime factors of 1091.
1091
List the prime factors of 95.
5, 19
What are the prime factors of 29298?
2, 3, 19, 257
List the prime factors of 9302.
2, 4651
What are the prime factors of 1437?
3, 479
List the prime factors of 7322.
2, 7, 523
What are the prime factors of 48242?
2, 24121
List the prime factors of 87302.
2, 43651
List the prime factors of 10581.
3, 3527
What are the prime factors of 5019?
3, 7, 239
List the prime factors of 3421.
11, 311
What are the prime factors of 16170?
2, 3, 5, 7, 11
List the prime factors of 11818.
2, 19, 311
What are the prime factors of 33155?
5, 19, 349
List the prime factors of 4090.
2, 5, 409
List the prime factors of 477.
3, 53
List the prime factors of 26.
2, 13
What are the prime factors of 72656?
2, 19, 239
List the prime factors of 3799.
29, 131
What are the prime factors of 755?
5, 151
List the prime factors of 100.
2, 5
List the prime factors of 54343.
31, 1753
What are the prime factors of 49924?
2, 7, 1783
What are the prime factors of 930?
2, 3, 5, 31
What are the prime factors of 9699?
3, 53, 61
What are the prime factors of 3417?
3, 17, 67
What are the prime factors of 168175?
5, 7, 31
What are the prime factors of 1552?
2, 97
List the prime factors of 863.
863
What are the prime factors of 21597?
3, 23, 313
What are the prime factors of 3154?
2, 19, 83
List the prime factors of 40798.
2, 20399
List the prime factors of 164.
2, 41
What are the prime factors of 708?
2, 3, 59
List the 